{"id":20,"date":"2020-10-13T14:00:43","date_gmt":"2020-10-13T14:00:43","guid":{"rendered":"https:\/\/fidokft.hu\/?page_id=20"},"modified":"2021-11-18T17:33:25","modified_gmt":"2021-11-18T17:33:25","slug":"cegunkrol","status":"publish","type":"page","link":"https:\/\/fidokft.hu\/index.php\/cegunkrol\/","title":{"rendered":"C\u00e9g\u00fcnkr\u0151l"},"content":{"rendered":"<header class=\"entry-header\">\n<p class=\"entry-title\"><span style=\"font-size: 1rem;\">FIDO Szolg\u00e1ltat\u00f3 \u00e9s Kereskedelmi Kft. jogel\u0151dje a FIDO Bt. 1991-ben alakult, mint csal\u00e1di v\u00e1llalkoz\u00e1s. A FIDO Kft., \u2013 mint a FIDO Bt. jogut\u00f3dja \u2013 meghat\u00e1roz\u00f3 tev\u00e9kenys\u00e9ge a telep\u00fcl\u00e9si szil\u00e1rd hullad\u00e9k sz\u00e1ll\u00edt\u00e1s. Az \u00e9vek sor\u00e1n a szolg\u00e1ltat\u00e1s mennyis\u00e9ge \u00e9s min\u0151s\u00e9ge is n\u00f6vekedett.<\/span><\/p>\n<\/header>\n<div class=\"entry-content\">\n<p>1998. m\u00e1jus 28-t\u00f3l 2014-ig az FKF Zrt.-vel k\u00f6z\u00f6sen konzorciumi szerz\u0151d\u00e9s keret\u00e9ben r\u00e9szt vett\u00fcnk Budapest k\u00f6zszolg\u00e1ltat\u00e1si tev\u00e9kenys\u00e9g\u00e9nek ell\u00e1t\u00e1s\u00e1ban, melynek keret\u00e9n bel\u00fcl v\u00e9gezt\u00fck a telep\u00fcl\u00e9si szil\u00e1rd hullad\u00e9kok begy\u0171jt\u00e9s\u00e9t, sz\u00e1ll\u00edt\u00e1s\u00e1t.<\/p>\n<p>T\u00e1rsas\u00e1gunk, a vesz\u00e9lyes hullad\u00e9kon k\u00edv\u00fcl, v\u00e1llal mindennem\u0171 telep\u00fcl\u00e9si szil\u00e1rd hullad\u00e9k sz\u00e1ll\u00edt\u00e1st, lomtalan\u00edt\u00e1st, int\u00e9zm\u00e9nyekn\u00e9l \u00e9s lakoss\u00e1gn\u00e1l is. A sz\u00e1ll\u00edt\u00e1st a Pest-Megyei Korm\u00e1nyhivatal PE-6\/KTF\/01591-9\/2020 sz\u00e1mon kiadott enged\u00e9lye alapj\u00e1n v\u00e9gezz\u00fck, a hullad\u00e9k elhelyez\u00e9se hivatalos m\u0171k\u00f6d\u00e9si enged\u00e9llyel rendelkez\u0151 hullad\u00e9klerak\u00f3 telepekre t\u00f6rt\u00e9nik. A leadott sittr\u0151l Befogad\u00f3 nyilatkozatot\u00a0 tudunk biztos\u00edtani.<\/p>\n<p>Mind a c\u00e9gekn\u00e9l, mind a lakoss\u00e1gn\u00e1l jelent\u0151s hangs\u00falyt fektet\u00fcnk a szelekt\u00edv gy\u0171jt\u00e9sre, sz\u00e1ll\u00edt\u00e1sra. Ennek megfelel\u0151en alak\u00edtottuk ki \u00e1rainkat, melyek a kont\u00e9nerek nagys\u00e1g\u00e1t\u00f3l, a benne elhelyezett hullad\u00e9k vagy sitt fajt\u00e1j\u00e1t\u00f3l, a kihelyez\u00e9si c\u00edm, illetve a hullad\u00e9klerak\u00f3 helyt\u0151l val\u00f3 t\u00e1vols\u00e1g\u00e1t\u00f3l f\u00fcgg\u0151en ker\u00fclnek meg\u00e1llap\u00edt\u00e1sra.<\/p>\n<p><img loading=\"lazy\" decoding=\"async\" class=\"size-medium wp-image-22\" src=\"https:\/\/fidokft.hu\/wp-content\/uploads\/2020\/10\/fido010-300x225.jpg\" alt=\"\" width=\"300\" height=\"225\" srcset=\"https:\/\/fidokft.hu\/wp-content\/uploads\/2020\/10\/fido010-300x225.jpg 300w, https:\/\/fidokft.hu\/wp-content\/uploads\/2020\/10\/fido010-1024x768.jpg 1024w, https:\/\/fidokft.hu\/wp-content\/uploads\/2020\/10\/fido010-768x576.jpg 768w, https:\/\/fidokft.hu\/wp-content\/uploads\/2020\/10\/fido010-1536x1152.jpg 1536w, https:\/\/fidokft.hu\/wp-content\/uploads\/2020\/10\/fido010-624x468.jpg 624w, https:\/\/fidokft.hu\/wp-content\/uploads\/2020\/10\/fido010.jpg 1600w\" sizes=\"(max-width: 300px) 100vw, 300px\" \/> <img loading=\"lazy\" decoding=\"async\" class=\"alignnone size-medium wp-image-23\" src=\"https:\/\/fidokft.hu\/wp-content\/uploads\/2021\/11\/Kukas.jpg\" alt=\"\" width=\"300\" height=\"225\" \/><\/p>\n<\/div>\n","protected":false},"excerpt":{"rendered":"<p>FIDO Szolg\u00e1ltat\u00f3 \u00e9s Kereskedelmi Kft. jogel\u0151dje a FIDO Bt. 1991-ben alakult, mint csal\u00e1di v\u00e1llalkoz\u00e1s. A FIDO Kft., \u2013 mint a FIDO Bt. jogut\u00f3dja \u2013 meghat\u00e1roz\u00f3 tev\u00e9kenys\u00e9ge a telep\u00fcl\u00e9si szil\u00e1rd hullad\u00e9k sz\u00e1ll\u00edt\u00e1s. Az \u00e9vek sor\u00e1n a szolg\u00e1ltat\u00e1s mennyis\u00e9ge \u00e9s min\u0151s\u00e9ge is n\u00f6vekedett. 1998. m\u00e1jus 28-t\u00f3l 2014-ig az FKF Zrt.-vel k\u00f6z\u00f6sen konzorciumi szerz\u0151d\u00e9s keret\u00e9ben r\u00e9szt vett\u00fcnk Budapest [&hellip;]<\/p>\n","protected":false},"author":1,"featured_media":0,"parent":0,"menu_order":0,"comment_status":"closed","ping_status":"closed","template":"","meta":{"footnotes":""},"_links":{"self":[{"href":"https:\/\/fidokft.hu\/index.php\/wp-json\/wp\/v2\/pages\/20"}],"collection":[{"href":"https:\/\/fidokft.hu\/index.php\/wp-json\/wp\/v2\/pages"}],"about":[{"href":"https:\/\/fidokft.hu\/index.php\/wp-json\/wp\/v2\/types\/page"}],"author":[{"embeddable":true,"href":"https:\/\/fidokft.hu\/index.php\/wp-json\/wp\/v2\/users\/1"}],"replies":[{"embeddable":true,"href":"https:\/\/fidokft.hu\/index.php\/wp-json\/wp\/v2\/comments?post=20"}],"version-history":[{"count":6,"href":"https:\/\/fidokft.hu\/index.php\/wp-json\/wp\/v2\/pages\/20\/revisions"}],"predecessor-version":[{"id":74,"href":"https:\/\/fidokft.hu\/index.php\/wp-json\/wp\/v2\/pages\/20\/revisions\/74"}],"wp:attachment":[{"href":"https:\/\/fidokft.hu\/index.php\/wp-json\/wp\/v2\/media?parent=20"}],"curies":[{"name":"wp","href":"https:\/\/api.w.org\/{rel}","templated":true}]}}