{"id":10,"date":"2020-10-13T13:52:45","date_gmt":"2020-10-13T13:52:45","guid":{"rendered":"https:\/\/fidokft.hu\/?page_id=10"},"modified":"2021-11-12T12:21:43","modified_gmt":"2021-11-12T12:21:43","slug":"rendeles","status":"publish","type":"page","link":"https:\/\/fidokft.hu\/","title":{"rendered":"Rendel\u00e9s"},"content":{"rendered":"<header class=\"entry-header\">Rendel\u00e9s telefonon: 06-1-283-0783\u00a0 \u00a0 0620-928-7477<\/p>\n<p>e-mail: <a href=\"mailto:fido@fidokft.hu\" target=\"_blank\" rel=\"noopener noreferrer\">fido@fidokft.hu<\/a><\/p>\n<\/header>\n<div class=\"entry-content\">\n<p>K\u00e9rjen aj\u00e1nltatott munkat\u00e1rsunkt\u00f3l! V\u00e1llalunk egyedi megrendel\u00e9sre, illetve szerz\u0151d\u00e9ses meg\u00e1llapod\u00e1sra munk\u00e1kat, kont\u00e9neres \u00e9s t\u00f6m\u00f6r\u00edt\u0151s c\u00e9lg\u00e9pekkel.<\/p>\n<p>\u00c1rainkat a kont\u00e9nerek nagys\u00e1g\u00e1t\u00f3l, a benne elhelyezett hullad\u00e9k fajt\u00e1j\u00e1t\u00f3l, valamint a kihelyez\u00e9si c\u00edm t\u00e1vols\u00e1g\u00e1t\u00f3l f\u00fcgg\u0151en \u00e1llap\u00edtjuk meg.<\/p>\n<\/div>\n<p>A hullad\u00e9k fajt\u00e1i a k\u00f6vetkez\u0151k:<\/p>\n<p>&#8211; sitt: beton, t\u00e9gla, cser\u00e9p, ker\u00e1mia, f\u00f6ld, k\u00f6vek<\/p>\n<p>&#8211; szem\u00e9t: fa , pap\u00edr, m\u0171anyag, hungarocell, mindennem\u0171 h\u00e1ztart\u00e1si hullad\u00e9k, lom<\/p>\n<p>&#8211; komposzt\u00e1lhat\u00f3 z\u00f6ldhullad\u00e9k<\/p>\n<p>&#8211; v\u00e1logat\u00e1sra szorul\u00f3 hullad\u00e9k, mely a fentiek kever\u00e9k\u00e9t jelenti, aminek az \u00e1ra jelent\u0151sen\u00a0 \u00a0 \u00a0 \u00a0magasabb a t\u00f6bbi hullad\u00e9k fajt\u00e1hoz k\u00e9pest<\/p>\n<p>A hullad\u00e9k \u00e9s \u00e9p\u00edt\u00e9si t\u00f6rmel\u00e9k szelekt\u00edv gy\u0171jt\u00e9s\u00e9nek megval\u00f3s\u00edt\u00e1s\u00e1hoz t\u00f6bb kont\u00e9ner kihelyez\u00e9s\u00e9vel ny\u00fajtunk lehet\u0151s\u00e9get.<\/p>\n<div class=\"entry-content\">\n<p>Mennyis\u00e9gi, vagy min\u0151s\u00e9gi ig\u00e9nyek n\u00f6veked\u00e9se eset\u00e9n t\u00e1rsas\u00e1gunknak lehet\u0151s\u00e9ge van mind az eszk\u00f6zpark, mind az ed\u00e9nyzet fejleszt\u00e9sre, b\u0151v\u00edt\u00e9sre.<\/p>\n<p><img loading=\"lazy\" decoding=\"async\" class=\"alignnone wp-image-48 size-medium\" style=\"font-size: 1rem;\" src=\"https:\/\/fidokft.hu\/wp-content\/uploads\/2021\/11\/20211014_140449-300x225.png\" alt=\"\" width=\"300\" height=\"225\" srcset=\"https:\/\/fidokft.hu\/wp-content\/uploads\/2021\/11\/20211014_140449-300x225.png 300w, https:\/\/fidokft.hu\/wp-content\/uploads\/2021\/11\/20211014_140449-1024x768.png 1024w, https:\/\/fidokft.hu\/wp-content\/uploads\/2021\/11\/20211014_140449-768x576.png 768w, https:\/\/fidokft.hu\/wp-content\/uploads\/2021\/11\/20211014_140449-1536x1152.png 1536w, https:\/\/fidokft.hu\/wp-content\/uploads\/2021\/11\/20211014_140449-624x468.png 624w, https:\/\/fidokft.hu\/wp-content\/uploads\/2021\/11\/20211014_140449.png 2048w\" sizes=\"(max-width: 300px) 100vw, 300px\" \/>\u00a0 \u00a0 \u00a0 <img loading=\"lazy\" decoding=\"async\" class=\"alignnone size-medium wp-image-12\" src=\"https:\/\/fidokft.hu\/wp-content\/uploads\/2020\/10\/fido038-300x225.jpg\" alt=\"\" width=\"300\" height=\"225\" srcset=\"https:\/\/fidokft.hu\/wp-content\/uploads\/2020\/10\/fido038-300x225.jpg 300w, https:\/\/fidokft.hu\/wp-content\/uploads\/2020\/10\/fido038-1024x768.jpg 1024w, https:\/\/fidokft.hu\/wp-content\/uploads\/2020\/10\/fido038-768x576.jpg 768w, https:\/\/fidokft.hu\/wp-content\/uploads\/2020\/10\/fido038-1536x1152.jpg 1536w, https:\/\/fidokft.hu\/wp-content\/uploads\/2020\/10\/fido038-624x468.jpg 624w, https:\/\/fidokft.hu\/wp-content\/uploads\/2020\/10\/fido038.jpg 2048w\" sizes=\"(max-width: 300px) 100vw, 300px\" \/><\/p>\n<\/div>\n","protected":false},"excerpt":{"rendered":"<p>Rendel\u00e9s telefonon: 06-1-283-0783\u00a0 \u00a0 0620-928-7477 e-mail: fido@fidokft.hu K\u00e9rjen aj\u00e1nltatott munkat\u00e1rsunkt\u00f3l! V\u00e1llalunk egyedi megrendel\u00e9sre, illetve szerz\u0151d\u00e9ses meg\u00e1llapod\u00e1sra munk\u00e1kat, kont\u00e9neres \u00e9s t\u00f6m\u00f6r\u00edt\u0151s c\u00e9lg\u00e9pekkel. \u00c1rainkat a kont\u00e9nerek nagys\u00e1g\u00e1t\u00f3l, a benne elhelyezett hullad\u00e9k fajt\u00e1j\u00e1t\u00f3l, valamint a kihelyez\u00e9si c\u00edm t\u00e1vols\u00e1g\u00e1t\u00f3l f\u00fcgg\u0151en \u00e1llap\u00edtjuk meg. A hullad\u00e9k fajt\u00e1i a k\u00f6vetkez\u0151k: &#8211; sitt: beton, t\u00e9gla, cser\u00e9p, ker\u00e1mia, f\u00f6ld, k\u00f6vek &#8211; szem\u00e9t: fa , [&hellip;]<\/p>\n","protected":false},"author":1,"featured_media":0,"parent":0,"menu_order":0,"comment_status":"closed","ping_status":"closed","template":"","meta":{"footnotes":""},"_links":{"self":[{"href":"https:\/\/fidokft.hu\/index.php\/wp-json\/wp\/v2\/pages\/10"}],"collection":[{"href":"https:\/\/fidokft.hu\/index.php\/wp-json\/wp\/v2\/pages"}],"about":[{"href":"https:\/\/fidokft.hu\/index.php\/wp-json\/wp\/v2\/types\/page"}],"author":[{"embeddable":true,"href":"https:\/\/fidokft.hu\/index.php\/wp-json\/wp\/v2\/users\/1"}],"replies":[{"embeddable":true,"href":"https:\/\/fidokft.hu\/index.php\/wp-json\/wp\/v2\/comments?post=10"}],"version-history":[{"count":3,"href":"https:\/\/fidokft.hu\/index.php\/wp-json\/wp\/v2\/pages\/10\/revisions"}],"predecessor-version":[{"id":49,"href":"https:\/\/fidokft.hu\/index.php\/wp-json\/wp\/v2\/pages\/10\/revisions\/49"}],"wp:attachment":[{"href":"https:\/\/fidokft.hu\/index.php\/wp-json\/wp\/v2\/media?parent=10"}],"curies":[{"name":"wp","href":"https:\/\/api.w.org\/{rel}","templated":true}]}}